{"id":1687,"date":"2016-06-22T11:10:16","date_gmt":"2016-06-22T10:10:16","guid":{"rendered":"http:\/\/www.mundolingua.org\/es\/?page_id=1687"},"modified":"2016-06-22T11:18:12","modified_gmt":"2016-06-22T10:18:12","slug":"prensa","status":"publish","type":"page","link":"https:\/\/www.mundolingua.org\/es\/prensa\/","title":{"rendered":"PRENSA"},"content":{"rendered":"<p><span style=\"color: #000000;\"><strong>No dude en contactarnos para recibir m\u00e1s informaci\u00f3n sobre nuestra associaci\u00f3n, nuestra misi\u00f3n\u2026<\/strong><\/span><br \/>\n<span style=\"color: #000000;\"> <strong>Contacto para la prensa:<\/strong><\/span><\/p>\n<p><span style=\"color: #000000;\"><strong>Mark Oremland,<\/strong><\/span><\/p>\n<ul>\n<ul>\n<ul>fundador: \u00a0mark@mundolingua.org<\/ul>\n<\/ul>\n<\/ul>\n<ul>\n<ul>Tel. 01 56 81 65 79<\/ul>\n<\/ul>\n<p>&nbsp;<\/p>\n<p><span style=\"color: #000000;\"><strong>DOCUMENTOS\u00a0A DESCARGAR:<\/strong><\/span><\/p>\n<ul>\n<li><span style=\"color: #000000;\"><span style=\"text-decoration: underline;\"><strong>Paquete de Prensa de Mundolingua<\/strong><\/span>\/ Febrero 2014<\/span><\/li>\n<\/ul>\n<ul>\n<li><span style=\"color: #000000;\"><a style=\"color: #000000;\" href=\"https:\/\/www.mundolingua.org\/wp-content\/uploads\/2013\/10\/cp160913-ouverture-inauguration-mundolingua.pdf\" target=\"_blank\">Comunicado de prensa:\u00a0<strong>Unique en Europe : \u00danico en Europa: Apertura de Mundolingua,<\/strong> Mundo de Lenguas, del Lenguaje y de la Ling\u00fcistica &#8211; 16\/09\/2013<\/a><\/span><\/li>\n<\/ul>\n<p>&nbsp;<\/p>\n","protected":false},"excerpt":{"rendered":"<p>No dude en contactarnos para recibir m\u00e1s informaci\u00f3n sobre nuestra associaci\u00f3n, nuestra misi\u00f3n\u2026 Contacto para la prensa: Mark Oremland, fundador: \u00a0mark@mundolingua.org Tel. 01 56 81 65 79 &nbsp; DOCUMENTOS\u00a0A DESCARGAR: Paquete de Prensa de Mundolingua\/ Febrero 2014 Comunicado de prensa:\u00a0Unique en Europe : \u00danico en Europa: Apertura de Mundolingua, Mundo de Lenguas, del Lenguaje y [&hellip;]<\/p>\n","protected":false},"author":7,"featured_media":0,"parent":0,"menu_order":0,"comment_status":"closed","ping_status":"closed","template":"","meta":{"footnotes":""},"_links":{"self":[{"href":"https:\/\/www.mundolingua.org\/es\/wp-json\/wp\/v2\/pages\/1687"}],"collection":[{"href":"https:\/\/www.mundolingua.org\/es\/wp-json\/wp\/v2\/pages"}],"about":[{"href":"https:\/\/www.mundolingua.org\/es\/wp-json\/wp\/v2\/types\/page"}],"author":[{"embeddable":true,"href":"https:\/\/www.mundolingua.org\/es\/wp-json\/wp\/v2\/users\/7"}],"replies":[{"embeddable":true,"href":"https:\/\/www.mundolingua.org\/es\/wp-json\/wp\/v2\/comments?post=1687"}],"version-history":[{"count":3,"href":"https:\/\/www.mundolingua.org\/es\/wp-json\/wp\/v2\/pages\/1687\/revisions"}],"predecessor-version":[{"id":1690,"href":"https:\/\/www.mundolingua.org\/es\/wp-json\/wp\/v2\/pages\/1687\/revisions\/1690"}],"wp:attachment":[{"href":"https:\/\/www.mundolingua.org\/es\/wp-json\/wp\/v2\/media?parent=1687"}],"curies":[{"name":"wp","href":"https:\/\/api.w.org\/{rel}","templated":true}]}}

<p><span style="color: #000000;"><strong>No dude en contactarnos para recibir más información sobre nuestra associación, nuestra misión…</strong></span><br />
<span style="color: #000000;"> <strong>Contacto para la prensa:</strong></span></p>
<p><span style="color: #000000;"><strong>Mark Oremland,</strong></span></p>
<ul>
<ul>
<ul>fundador:  mark@mundolingua.org</ul>
</ul>
</ul>
<ul>
<ul>Tel. 01 56 81 65 79</ul>
</ul>
<p>&nbsp;</p>
<p><span style="color: #000000;"><strong>DOCUMENTOS A DESCARGAR:</strong></span></p>
<ul>
<li><span style="color: #000000;"><span style="text-decoration: underline;"><strong>Paquete de Prensa de Mundolingua</strong></span>/ Febrero 2014</span></li>
</ul>
<ul>
<li><span style="color: #000000;"><a style="color: #000000;" href="https://www.mundolingua.org/wp-content/uploads/2013/10/cp160913-ouverture-inauguration-mundolingua.pdf" target="_blank">Comunicado de prensa: <strong>Unique en Europe : Único en Europa: Apertura de Mundolingua,</strong> Mundo de Lenguas, del Lenguaje y de la Lingüistica &#8211; 16/09/2013</a></span></li>
</ul>
<p>&nbsp;</p>

<p>No dude en contactarnos para recibir más información sobre nuestra associación, nuestra misión… Contacto para la prensa: Mark Oremland, fundador:  mark@mundolingua.org Tel. 01 56 81 65 79 &nbsp; DOCUMENTOS A DESCARGAR: Paquete de Prensa de Mundolingua/ Febrero 2014 Comunicado de prensa: Unique en Europe : Único en Europa: Apertura de Mundolingua, Mundo de Lenguas, del Lenguaje y [&hellip;]</p>
